{"id":133,"date":"2022-12-29T19:11:44","date_gmt":"2022-12-29T19:11:44","guid":{"rendered":"http:\/\/gesflex.com\/?page_id=133"},"modified":"2022-12-30T17:15:27","modified_gmt":"2022-12-30T17:15:27","slug":"integracao-contabil","status":"publish","type":"page","link":"https:\/\/gesflex.com\/?page_id=133","title":{"rendered":"Integra\u00e7\u00e3o Cont\u00e1bil"},"content":{"rendered":"\t\t<div data-elementor-type=\"wp-page\" data-elementor-id=\"133\" class=\"elementor elementor-133\">\n\t\t\t\t\t\t\t\t\t<section class=\"elementor-section elementor-top-section elementor-element elementor-element-caca25c elementor-section-boxed elementor-section-height-default elementor-section-height-default\" data-id=\"caca25c\" data-element_type=\"section\">\n\t\t\t\t\t\t<div class=\"elementor-container elementor-column-gap-default\">\n\t\t\t\t\t<div class=\"elementor-column elementor-col-100 elementor-top-column elementor-element elementor-element-3e38cac\" data-id=\"3e38cac\" data-element_type=\"column\">\n\t\t\t<div class=\"elementor-widget-wrap elementor-element-populated\">\n\t\t\t\t\t\t\t\t<div class=\"elementor-element elementor-element-f711a0f elementor-widget elementor-widget-text-editor\" data-id=\"f711a0f\" data-element_type=\"widget\" data-widget_type=\"text-editor.default\">\n\t\t\t\t<div class=\"elementor-widget-container\">\n\t\t\t<style>\/*! elementor - v3.9.2 - 21-12-2022 *\/\n.elementor-widget-text-editor.elementor-drop-cap-view-stacked .elementor-drop-cap{background-color:#818a91;color:#fff}.elementor-widget-text-editor.elementor-drop-cap-view-framed .elementor-drop-cap{color:#818a91;border:3px solid;background-color:transparent}.elementor-widget-text-editor:not(.elementor-drop-cap-view-default) .elementor-drop-cap{margin-top:8px}.elementor-widget-text-editor:not(.elementor-drop-cap-view-default) .elementor-drop-cap-letter{width:1em;height:1em}.elementor-widget-text-editor .elementor-drop-cap{float:left;text-align:center;line-height:1;font-size:50px}.elementor-widget-text-editor .elementor-drop-cap-letter{display:inline-block}<\/style>\t\t\t\t<h3>Integra\u00e7\u00e3o Cont\u00e1bil<\/h3>\n<p>Os livros cont\u00e1beis de pequenas empresas muitas vezes n\u00e3o refletem a realidade (sobretudo para empresas optantes pelo simples nacional), pois essas informa\u00e7\u00f5es s\u00e3o menos cobradas pela receita federal do que para outros regimes tribut\u00e1rios. Por\u00e9m, \u00e9 importante ter em mente que outros \u00f3rg\u00e3o podem exigir o balan\u00e7o cont\u00e1bil, como \u00e9 o caso dos bancos para aprova\u00e7\u00e3o de cr\u00e9dito ou prefeituras em processo de licita\u00e7\u00e3o.<\/p>\t\t\t\t\t\t<\/div>\n\t\t\t\t<\/div>\n\t\t\t\t\t<\/div>\n\t\t<\/div>\n\t\t\t\t\t\t\t<\/div>\n\t\t<\/section>\n\t\t\t\t<section class=\"elementor-section elementor-top-section elementor-element elementor-element-6ce24e1 elementor-section-boxed elementor-section-height-default elementor-section-height-default\" data-id=\"6ce24e1\" data-element_type=\"section\">\n\t\t\t\t\t\t<div class=\"elementor-container elementor-column-gap-default\">\n\t\t\t\t\t<div class=\"elementor-column elementor-col-100 elementor-top-column elementor-element elementor-element-67098fc\" data-id=\"67098fc\" data-element_type=\"column\">\n\t\t\t<div class=\"elementor-widget-wrap elementor-element-populated\">\n\t\t\t\t\t\t\t\t<div class=\"elementor-element elementor-element-9c3f55b elementor-position-left elementor-vertical-align-top elementor-widget elementor-widget-image-box\" data-id=\"9c3f55b\" data-element_type=\"widget\" data-widget_type=\"image-box.default\">\n\t\t\t\t<div class=\"elementor-widget-container\">\n\t\t\t<style>\/*! elementor - v3.9.2 - 21-12-2022 *\/\n.elementor-widget-image-box .elementor-image-box-content{width:100%}@media (min-width:768px){.elementor-widget-image-box.elementor-position-left .elementor-image-box-wrapper,.elementor-widget-image-box.elementor-position-right .elementor-image-box-wrapper{display:flex}.elementor-widget-image-box.elementor-position-right .elementor-image-box-wrapper{text-align:right;flex-direction:row-reverse}.elementor-widget-image-box.elementor-position-left .elementor-image-box-wrapper{text-align:left;flex-direction:row}.elementor-widget-image-box.elementor-position-top .elementor-image-box-img{margin:auto}.elementor-widget-image-box.elementor-vertical-align-top .elementor-image-box-wrapper{align-items:flex-start}.elementor-widget-image-box.elementor-vertical-align-middle .elementor-image-box-wrapper{align-items:center}.elementor-widget-image-box.elementor-vertical-align-bottom .elementor-image-box-wrapper{align-items:flex-end}}@media (max-width:767px){.elementor-widget-image-box .elementor-image-box-img{margin-left:auto!important;margin-right:auto!important;margin-bottom:15px}}.elementor-widget-image-box .elementor-image-box-img{display:inline-block}.elementor-widget-image-box .elementor-image-box-title a{color:inherit}.elementor-widget-image-box .elementor-image-box-wrapper{text-align:center}.elementor-widget-image-box .elementor-image-box-description{margin:0}<\/style><div class=\"elementor-image-box-wrapper\"><figure class=\"elementor-image-box-img\"><img decoding=\"async\" width=\"640\" height=\"427\" src=\"https:\/\/gesflex.com\/wp-content\/uploads\/2022\/12\/secretary-g2d4e28ef7_640.jpg\" class=\"attachment-full size-full wp-image-151\" alt=\"\" loading=\"lazy\" srcset=\"https:\/\/gesflex.com\/wp-content\/uploads\/2022\/12\/secretary-g2d4e28ef7_640.jpg 640w, https:\/\/gesflex.com\/wp-content\/uploads\/2022\/12\/secretary-g2d4e28ef7_640-300x200.jpg 300w\" sizes=\"(max-width: 640px) 100vw, 640px\" \/><\/figure><div class=\"elementor-image-box-content\"><h3 class=\"elementor-image-box-title\">O que muda para o meu contador?<\/h3><p class=\"elementor-image-box-description\">A qualidade da informa\u00e7\u00e3o. \nSuponha que no extrato banc\u00e1rio que o seu contador recebe tem um pagamento de energia el\u00e9trica. O escrit\u00f3rio cont\u00e1bil reconhece uma despesa de energia el\u00e9trica, quando na verdade, essa conta \u00e9 da resid\u00eancia do s\u00f3cio (sabemos que isso n\u00e3o deveria ocorrer, mas acontece).\nCom um gestor financeiro trabalhando para a empresa, evitam-se tais problemas pois  qualquer despesa n\u00e3o prevista \u00e9 questionada. \nO gestor atrav\u00e9s da categoriza\u00e7\u00e3o informa o fato ao contador, que possivelmente orientar\u00e1 em rela\u00e7\u00e3o ao princ\u00edpio da entidade.\nSendo assim, caso isso ocorra, poder\u00e1, conforme esse exemplo, utilizar uma conta de empr\u00e9stimo \u00e0 s\u00f3cio ao inv\u00e9s de uma conta de despesa.<\/p><\/div><\/div>\t\t<\/div>\n\t\t\t\t<\/div>\n\t\t\t\t\t<\/div>\n\t\t<\/div>\n\t\t\t\t\t\t\t<\/div>\n\t\t<\/section>\n\t\t\t\t<section class=\"elementor-section elementor-top-section elementor-element elementor-element-9485dbb elementor-section-boxed elementor-section-height-default elementor-section-height-default\" data-id=\"9485dbb\" data-element_type=\"section\">\n\t\t\t\t\t\t<div class=\"elementor-container elementor-column-gap-default\">\n\t\t\t\t\t<div class=\"elementor-column elementor-col-100 elementor-top-column elementor-element elementor-element-2684a4e\" data-id=\"2684a4e\" data-element_type=\"column\">\n\t\t\t<div class=\"elementor-widget-wrap elementor-element-populated\">\n\t\t\t\t\t\t\t\t<div class=\"elementor-element elementor-element-b56ae14 elementor-position-right elementor-vertical-align-top elementor-widget elementor-widget-image-box\" data-id=\"b56ae14\" data-element_type=\"widget\" data-widget_type=\"image-box.default\">\n\t\t\t\t<div class=\"elementor-widget-container\">\n\t\t\t<div class=\"elementor-image-box-wrapper\"><figure class=\"elementor-image-box-img\"><img decoding=\"async\" width=\"640\" height=\"427\" src=\"https:\/\/gesflex.com\/wp-content\/uploads\/2022\/12\/complexo.jpg\" class=\"attachment-full size-full wp-image-153\" alt=\"\" loading=\"lazy\" srcset=\"https:\/\/gesflex.com\/wp-content\/uploads\/2022\/12\/complexo.jpg 640w, https:\/\/gesflex.com\/wp-content\/uploads\/2022\/12\/complexo-300x200.jpg 300w\" sizes=\"(max-width: 640px) 100vw, 640px\" \/><\/figure><div class=\"elementor-image-box-content\"><h3 class=\"elementor-image-box-title\">Vai ficar mais complexo para o escrit\u00f3rio cont\u00e1bil?<\/h3><p class=\"elementor-image-box-description\">Muito pelo contr\u00e1rio, um dos maiores desafios para os contadores que trabalham com pequenas empresas \u00e9 receber informa\u00e7\u00e3o financeira de qualidade, o pequeno empres\u00e1rio est\u00e1 muito focado em sua atividade e n\u00e3o tem tempo para sanar todas as d\u00favidas do profissional cont\u00e1bil.<\/p><\/div><\/div>\t\t<\/div>\n\t\t\t\t<\/div>\n\t\t\t\t\t<\/div>\n\t\t<\/div>\n\t\t\t\t\t\t\t<\/div>\n\t\t<\/section>\n\t\t\t\t<section class=\"elementor-section elementor-top-section elementor-element elementor-element-8402c11 elementor-section-boxed elementor-section-height-default elementor-section-height-default\" data-id=\"8402c11\" data-element_type=\"section\">\n\t\t\t\t\t\t<div class=\"elementor-container elementor-column-gap-default\">\n\t\t\t\t\t<div class=\"elementor-column elementor-col-100 elementor-top-column elementor-element elementor-element-cadeb58\" data-id=\"cadeb58\" data-element_type=\"column\">\n\t\t\t<div class=\"elementor-widget-wrap elementor-element-populated\">\n\t\t\t\t\t\t\t\t<div class=\"elementor-element elementor-element-94bc1f1 elementor-position-left elementor-vertical-align-top elementor-widget elementor-widget-image-box\" data-id=\"94bc1f1\" data-element_type=\"widget\" data-widget_type=\"image-box.default\">\n\t\t\t\t<div class=\"elementor-widget-container\">\n\t\t\t<div class=\"elementor-image-box-wrapper\"><figure class=\"elementor-image-box-img\"><img decoding=\"async\" width=\"640\" height=\"427\" src=\"https:\/\/gesflex.com\/wp-content\/uploads\/2022\/12\/diferencas.jpg\" class=\"attachment-full size-full wp-image-154\" alt=\"\" loading=\"lazy\" srcset=\"https:\/\/gesflex.com\/wp-content\/uploads\/2022\/12\/diferencas.jpg 640w, https:\/\/gesflex.com\/wp-content\/uploads\/2022\/12\/diferencas-300x200.jpg 300w\" sizes=\"(max-width: 640px) 100vw, 640px\" \/><\/figure><div class=\"elementor-image-box-content\"><h3 class=\"elementor-image-box-title\">E as diferen\u00e7as acumuladas de anos anteriores?<\/h3><p class=\"elementor-image-box-description\">Fornecendo a informa\u00e7\u00e3o correta o contador saber\u00e1 corrigir.  Na maioria das vezes \u00e9 elaborado um balan\u00e7o de abertura com os saldos corrigidos. A partir deste momento a empresa estar\u00e1 com uma contabilidade de fazer inveja.<\/p><\/div><\/div>\t\t<\/div>\n\t\t\t\t<\/div>\n\t\t\t\t\t<\/div>\n\t\t<\/div>\n\t\t\t\t\t\t\t<\/div>\n\t\t<\/section>\n\t\t\t\t\t\t\t<\/div>\n\t\t","protected":false},"excerpt":{"rendered":"<p>Integra\u00e7\u00e3o Cont\u00e1bil Os livros cont\u00e1beis de pequenas empresas muitas vezes n\u00e3o refletem a realidade (sobretudo para empresas optantes pelo simples nacional), pois essas informa\u00e7\u00f5es s\u00e3o menos cobradas pela receita federal do que para outros regimes tribut\u00e1rios. Por\u00e9m, \u00e9 importante ter em mente que outros \u00f3rg\u00e3o podem exigir o balan\u00e7o cont\u00e1bil, como \u00e9 o caso dos&hellip;&nbsp;<a href=\"https:\/\/gesflex.com\/?page_id=133\" class=\"\" rel=\"bookmark\">Read More &raquo;<span class=\"screen-reader-text\">Integra\u00e7\u00e3o Cont\u00e1bil<\/span><\/a><\/p>\n","protected":false},"author":1,"featured_media":0,"parent":0,"menu_order":0,"comment_status":"closed","ping_status":"closed","template":"page-templates\/template-pagebuilder-full-width.php","meta":{"neve_meta_sidebar":"","neve_meta_container":"","neve_meta_enable_content_width":"","neve_meta_content_width":0,"neve_meta_title_alignment":"","neve_meta_author_avatar":"","neve_post_elements_order":"","neve_meta_disable_header":"","neve_meta_disable_footer":"","neve_meta_disable_title":""},"_links":{"self":[{"href":"https:\/\/gesflex.com\/index.php?rest_route=\/wp\/v2\/pages\/133"}],"collection":[{"href":"https:\/\/gesflex.com\/index.php?rest_route=\/wp\/v2\/pages"}],"about":[{"href":"https:\/\/gesflex.com\/index.php?rest_route=\/wp\/v2\/types\/page"}],"author":[{"embeddable":true,"href":"https:\/\/gesflex.com\/index.php?rest_route=\/wp\/v2\/users\/1"}],"replies":[{"embeddable":true,"href":"https:\/\/gesflex.com\/index.php?rest_route=%2Fwp%2Fv2%2Fcomments&post=133"}],"version-history":[{"count":16,"href":"https:\/\/gesflex.com\/index.php?rest_route=\/wp\/v2\/pages\/133\/revisions"}],"predecessor-version":[{"id":161,"href":"https:\/\/gesflex.com\/index.php?rest_route=\/wp\/v2\/pages\/133\/revisions\/161"}],"wp:attachment":[{"href":"https:\/\/gesflex.com\/index.php?rest_route=%2Fwp%2Fv2%2Fmedia&parent=133"}],"curies":[{"name":"wp","href":"https:\/\/api.w.org\/{rel}","templated":true}]}}